hat is o(-29)?
8
Let a(d) be the third derivative of 5*d**4/24 + 4*d**3/3 - 2480*d**2. Determine a(15).
83
Suppose 10 = -7*v - 4. Let i be 110/15 + -2 + v/(-3). Let r(j) = -i*j + 286 + j**2 - 287 + 0*j**2. What is r(7)?
6
Let x(k) = 10*k + 103. Let w(b) = -7. Let d(n) = -4*w(n) + x(n). Give d(-11).
21
Suppose 5*c + 3*d = -58, 0 = -34*c + 33*c + 2*d - 9. Let i(b) = -b - 18. Determine i(c).
-7
Suppose -55 = -2*c + u, 26*c = 22*c - 5*u + 89. Let g be 100/c - (4 + 378/(-91)). Let l(h) = 4*h + 1. What is l(g)?
17
Let z(v) = 18*v + 14. Let a be z(-1). Let p be (1 - -1)*(10/a)/(-1). Let m(q) be the first derivative of -q**3/3 + 5*q**2/2 - 7*q - 1. Give m(p).
-7
Let g(d) be the first derivative of -d**4/12 - 5*d**3/6 - 40*d - 67. Let h(l) be the first derivative of g(l). Determine h(-6).
-6
Let p = -20 - -22. Let i(t) = -p*t - 6 + 5 - 1 - 2*t. Suppose 5*k - 3*q - 4 = 0, 4*k + q = 5*q. Calculate i(k).
-10
Let k(y) = -14*y**2 - 53*y + 65. Let a(z) = -40*z**2 - 162*z + 192. Let c(p) = -6*a(p) + 17*k(p). Determine c(-36).
-11
Suppose 2211*w + 350 = 2261*w. Let l(v) = -2*v - 14. What is l(w)?
-28
Let q(i) be the second derivative of -2*i**4/3 - 5*i**3/3 + i**2/2 + 1375*i. Determine q(3).
-101
Let f(w) = 5*w**2 + 73*w - 31. Let a = 1202 + -1217. Determine f(a).
-1
Let p(t) = -2*t - 31. Let o(u) = u + 16. Suppose -8 = -5*b + 47. Let l(f) = b*o(f) + 6*p(f). Let x(h) = 132*h + 3292. Let j be x(-25). Determine l(j).
-2
Let l(v) = -56*v + 100. Let o = 11135 + -11133. Calculate l(o).
-12
Let a(x) = x**3 - 6*x**2 - 1. Let g(u) = 2*u**2 + 13. Suppose -4*t = -j, 0 = -0*t + 2*t - 5*j. Let v be g(t). Suppose v*i - 12 = 11*i. Determine a(i).
-1
Let f be 1*30/(-5)*11/22. Let b(t) = 4*t**2 + 1. What is b(f)?
37
Let u(c) = 0*c + 14*c - 86571 + c + 86595. Determine u(-3).
-21
Let b(z) be the third derivative of z**6/120 + 2*z**5/15 - 7*z**4/24 - 7*z**3/2 - 26*z**2 - 2*z. Give b(-9).
-39
Let i(w) = 3*w**2 + 9*w - 8. Let s be i(4). Let g = s - 58. Suppose 0 = -3*n - 6 + g. Let l(q) = -q**3 + 5*q**2 - 2*q + 3. Determine l(n).
11
Let k(y) = -y**3 - y**2 + 5*y + 5. Suppose 2273*u - 4 = 2274*u. Calculate k(u).
33
Let v(r) = 7*r**2 + 3*r - 43. Let n be v(3). Let l(d) = -4*d + 45. Give l(n).
-71
Let z(i) = i**3 - 11*i**2 - i + 12. Let o(y) = y**3 - 21*y**2 - 23*y + 1. Let l be o(22). Let x = l + 32. Calculate z(x).
1
Let g(k) be the second derivative of -k**4/12 - 2*k**3/3 + 7*k**2/2 + 6*k - 54. Determine g(4).
-25
Let s = -90 + 92. Let u(g) = -g - 4*g**2 + 2*g**2 + 0*g**2 + 3752 - g - 3753. Calculate u(s).
-13
Let z = 5145 - 5149. Let a(f) = -2 + 2 - 5 + 3 - 2*f. Determine a(z).
6
Let f(p) = 19*p**2 - p - 6. Suppose -5*r - 12 = -x, 5*x + 6 = 3*r - 0*r. Calculate f(r).
168
Suppose 6*q - 10*q = -i - 8, -2*i - 5 = 3*q. Let f be 2/(q + 3/(-6)*6). Let l(b) = -3*b + 8*b**3 - b**3 - b**2 - 4*b**3 - 1 + b. Determine l(f).
-3
Let f be -19 + (6 - (-3 - 7)). Let u(k) = 14*k + 9. Calculate u(f).
-33
Let i(g) be the third derivative of -11*g**4/24 - 6*g**3 + 1762*g**2. Give i(-7).
41
Let l be 4/(-24) + (-158)/(-12). Suppose i + l = 2*r, -41 = -27*r + 23*r + 5*i. Let z(o) = 2*o - 3. Give z(r).
5
Let z(w) = -2*w + 52 + 21*w - 8*w. Let d be z(-5). Let b(x) be the third derivative of x**5/60 + x**4/12 - 2*x**3/3 + x**2. What is b(d)?
-1
Let c be (-182)/(-5) + (-3)/(-5). Let b(q) = -6*q - 112 + c + 33 + q**2 + 39. Determine b(5).
-8
Suppose 0 = -3*t + 4*v - 7*v, -v = -5. Let f be t*(2 - 8/20) - -3. Let w(c) = 30*c - 32*c - 6 - 1. Calculate w(f).
3
Let p(f) be the second derivative of f**5/10 - f**4/6 - f**3/6 - f**2 - f + 75. Suppose -5*a + 33 = -4*t, 4*a - 12 = 5*t + 18. Determine p(t).
-24
Let q(n) = -n**3 - 19*n**2 - 33*n + 6. Suppose 0 = -11*k - 4*k - 255. Calculate q(k).
-11
Let m(o) = 9*o**3 + o**2 - 4*o - 1. Let f(v) = 2*v**3 - v**2. Let i = -700 - -705. Let r(j) = i*f(j) - m(j). What is r(4)?
-15
Let h(y) = 1 + 6 - 3 + 5 - 9*y - 1032*y**2 + 1033*y**2. Let f(t) = -4*t - 1. Let r = -3 - -1. Let w be f(r). Determine h(w).
-5
Suppose 3*x = 6, -57*y + 54*y = -2*x - 2. Let r(h) = -3*h**2 + 4*h + 6. Let k(z) = 3*z**2 - 3*z - 5. Let a(m) = 4*k(m) + 3*r(m). Determine a(y).
10
Let s(x) = x**3 - 2*x**2 - 2*x + 4. Let o = 181 + -177. Suppose -h - q = -0*q, h + 9 = -o*q. Give s(h).
7
Suppose 0*f - 6 = 2*f. Let a(j) = 60*j + 55*j - 7 - 211*j + 93*j. Calculate a(f).
2
Let m(b) be the second derivative of 3*b - 5 + 1/20*b**5 + 0*b**4 - 13/2*b**2 + 0*b**3. Calculate m(0).
-13
Let d(l) be the second derivative of l**4/12 - l**3/3 + 3*l**2/2 + 30*l. Let v be d(3). Suppose 0 = v*x - 8 - 16. Let f(b) = b**3 - 5*b**2 + 3*b - 4. Give f(x).
-8
Let z(w) be the first derivative of -w**3 - w**2 + 260*w + 57. Let c(d) be the first derivative of z(d). Give c(-2).
10
Let q = -482 + 468. Let z be (-4)/(-1) + (-4 - -15) + q. Let k(b) = 8*b**3 - b**2 + 1. Give k(z).
8
Let s = 415 - 360. Let c(d) = 4*d - s*d**3 + 29*d**3 + 25*d**3 - 4*d**2 - 1 - 6 - 1. Calculate c(-5).
-3
Let x(s) be the first derivative of -s**6/360 + 3*s**5/40 + s**4/2 + s**3/3 - 4. Let l(p) be the third derivative of x(p). Let n = -1078 + 1089. Determine l(n).
-10
Let o be (10/(-20))/(5/6 + -1). Let i(m) be the first derivative of 5*m**2 - m - 1030. What is i(o)?
29
Let s(b) = 3*b - 61. Let r(z) = z - 21. Let n = -126 - -130. Let m(t) = n*s(t) - 11*r(t). Give m(18).
5
Let t(i) = 15*i**3 - 2*i**2 + 1. Let v(o) = -2*o**2 + 51*o + 20. Let w be v(25). Let f be (w/10)/9*2. Give t(f).
14
Let m(r) = 15 + 12*r + 32*r - 41*r. Let a be m(-9). Let y(s) = s**3 + 13*s**2 + 12*s - 7. Determine y(a).
-7
Suppose 6*z - 62 = -26. Let y(h) = 9 - 6*h - 25 + 11 + z. What is y(2)?
-11
Let z be (-1 - (6 + -10))*-1. Let y(h) be the first derivative of -h**2/2 - 3*h + 45. Determine y(z).
0
Let d(j) = -3*j - 2 - 9 + 10*j**2 + j**3 + 11*j + 3. Let o be d(-9). Let c be 2/7 - o*57/(-21). Let l(x) = -x**3 + 4*x - 2. What is l(c)?
-17
Let s(w) be the third derivative of w**5/60 - 7*w**4/24 - 7*w**3/6 - 2*w**2 + 564. Determine s(6).
-13
Let t(d) be the first derivative of -d**4/24 + 2*d**3/3 - 11*d**2/2 - 37. Let i(l) be the second derivative of t(l). What is i(-4)?
8
Let m(p) be the third derivative of -p**4/12 - p**3/2 - p**2. Let y be (2 - -22)/(24/32). Suppose 3*k + y = 26. Determine m(k).
1
Let v(f) be the first derivative of 17 - 1/20*f**5 + 0*f - 1/24*f**4 + 1/360*f**6 - 19/3*f**3 + 0*f**2. Let r(d) be the third derivative of v(d). Give r(6).
-1
Let f(l) be the first derivative of l**3/3 - 10*l - 1. Let v = -582 - -213. Let a = 369 + v. What is f(a)?
-10
Suppose -3*o - 3*n = -27, -6 = -2*n - 2. Let p be 4*((-5)/3 - 875/(-210)). Let g(r) = -11*r**2 - 11*r**2 - p + 23*r**2 - 5*r. What is g(o)?
4
Let z(d) be the first derivative of 5*d**2 - 20*d + 1745. Calculate z(6).
40
Let f(x) be the third derivative of -3*x**2 - 3/8*x**4 - 7/60*x**5 - 11/6*x**3 + 0 + 0*x + 1/120*x**6. Let l be (-10)/3*24/(-10). Give f(l).
-19
Suppose -112 = -16*r - 16. Let z(k) = 2*k - 2 + 5*k**2 + 18 - 1 - 6 - k**3 - 3. Give z(r).
-18
Let n(p) be the first derivative of p**6/180 - p**4/12 + 58*p**3 - 137. Let z(m) be the third derivative of n(m). What is z(3)?
16
Let y(c) = -93*c**2 + 14*c - 1. Let b(f) = 230*f**2 - 28*f + 2. Let g(l) = -2*b(l) - 5*y(l). Determine g(4).
25
Let l(p) = p**3 - 2*p**2 - 8*p - 2. Let n = -4501 - -4505. Give l(n).
-2
Let y = 33 - 39. Let d(k) = 13*k - 15. Let z(w) = -2*w + 2. Let o(p) = y*z(p) - d(p). Calculate o(6).
-3
Let v(c) = 34*c + 367. Let j be (-1 - -2)/(-20*13/2860). Calculate v(j).
-7
Let n = -255 + 251. Let y(p) = -2*p + 2. Let i be y(0). Let h(j) = -1 - 2*j - j - j**i + 0*j**2 + 5. What is h(n)?
0
Let l(p) = -p**2 - 15*p + 129. Let c be (-54 + 57)*(-3)/((-3)/(-7)). Determine l(c).
3
Let f(k) = -2*k**3 + 9*k**2 - 2*k + 11. Suppose 4*g - 2 = 2*c - 8, -3*g + c - 2 = 0. Let q(v) = v**3 - 1. Let x(a) = g*f(a) + q(a). Give x(9).
-8
Let z(b) be the third derivative of b**5/12 - b**4/8 - 5*b**3/6 - 66*b**2. Let h(m) = 6*m**2 - 3*m - 6. Let c(o) = 4*h(o) - 5*z(o). Determine c(5).
-9
Let j = 403 + -412. Let m be (-36)/j*(-3 - (-1 + -1)). Let q(n) = -2*n + 4. Give q(m).
12
Let t(r) = -3*r + 2*r + 0*r + 2*r. Let z be ((-60)/(-100) - 18/10)*10. Let q(b) = 3*b + 35. Let o be q(z). Determine t(o).
-1
Let z = 19 + -17. Let g(n) = -4*n**3 + 4*n**2 - 8 - 8*n**2 - 3*n**2 - z*n + 3*n